 - 15?
6a6
In base 7, what is -34021 - -54?
-33634
In base 3, what is -20202000200 - 10?
-20202000210
In base 11, what is -5060 - -4?
-5057
In base 11, what is 232 + -802?
-580
In base 10, what is 1 + -363165?
-363164
In base 12, what is -10851 + -15?
-10866
In base 13, what is -5 - -662b?
6626
In base 12, what is 2 - -88996?
88998
In base 7, what is 53320 - -356?
54006
In base 10, what is 0 - -2906?
2906
In base 2, what is 1000111 + 110000010010?
110001011001
In base 7, what is 404 - 304?
100
In base 9, what is -13 + 4210?
4186
In base 16, what is -3dcc1 + -4?
-3dcc5
In base 14, what is -115 - -6?
-10d
In base 12, what is 4b963 - -2?
4b965
In base 11, what is -2284 + -8?
-2291
In base 11, what is -3670 - -88?
-3593
In base 7, what is -11 - 562315?
-562326
In base 6, what is -14 - 150223?
-150241
In base 13, what is -110c3c3 - 2?
-110c3c5
In base 6, what is 10150003 - 3?
10150000
In base 12, what is -b + 150a6?
15097
In base 9, what is 5 + 41111?
41116
In base 16, what is 55f9c + -4?
55f98
In base 4, what is 100323 - -20100?
121023
In base 10, what is 32 - 781?
-749
In base 13, what is 1808a + -5?
18085
In base 6, what is -3252 + 4?
-3244
In base 7, what is -220 + 505?
255
In base 14, what is -40 + -1357?
-1397
In base 10, what is -77360 + 4?
-77356
In base 9, what is 2436 - -85?
2532
In base 3, what is 110220220202 - 0?
110220220202
In base 15, what is 5 + -5b83?
-5b7d
In base 10, what is -7 - 63?
-70
In base 4, what is 223 - 33?
130
In base 10, what is 18 - -7508?
7526
In base 13, what is -15c0 + -60?
-1650
In base 16, what is -14a + -4c?
-196
In base 12, what is 13278 + 3?
1327b
In base 2, what is -1110101001011100001 - 11?
-1110101001011100100
In base 14, what is -1751 + 52?
-16dd
In base 5, what is -20 + -234213?
-234233
In base 16, what is -5a + -136d?
-13c7
In base 9, what is -31484 + 46?
-31437
In base 15, what is 77 + 1062?
10d9
In base 7, what is -6 - 22340?
-22346
In base 3, what is -111 - 2000101201?
-2000102012
In base 13, what is -15a96 + 0?
-15a96
In base 3, what is -111000221211 + 0?
-111000221211
In base 9, what is 354320 - 1?
354318
In base 5, what is -322 + 1143?
321
In base 9, what is 554 - -43?
607
In base 12, what is 465a - 6b?
45ab
In base 6, what is 342011 + -3?
342004
In base 2, what is 1 - 10011111000001?
-10011111000000
In base 7, what is 100140 + 31?
100201
In base 2, what is 0 + 10001011101010101011?
10001011101010101011
In base 2, what is -10000100000111111111 - 0?
-10000100000111111111
In base 9, what is 17 + -165?
-147
In base 16, what is -5 - 40f2?
-40f7
In base 13, what is -145c - c?
-146b
In base 10, what is 824 + 102?
926
In base 7, what is -10142 - -100?
-10042
In base 7, what is 0 - -32601?
32601
In base 10, what is 5 + -1338103?
-1338098
In base 2, what is 1000111 - -1110111?
10111110
In base 6, what is 4 - -12214145?
12214153
In base 3, what is 1211000002 - -10?
1211000012
In base 7, what is -30 - 232?
-262
In base 16, what is -fac - 2f?
-fdb
In base 13, what is b0a3 + -5?
b09b
In base 2, what is 101 - 111101101101100110010?
-111101101101100101101
In base 9, what is 672 - 66?
605
In base 10, what is -92 + -1142?
-1234
In base 13, what is -b16 + -108?
-c21
In base 2, what is 110110110 - -111010?
111110000
In base 11, what is 3 - -44292?
44295
In base 2, what is -1000101111100011011 + -110?
-1000101111100100001
In base 10, what is 5 - 377459?
-377454
In base 9, what is 40245 + 3?
40248
In base 14, what is -34 - 19?
-4d
In base 15, what is 5 + 872e?
8734
In base 11, what is 11862 + 5?
11867
In base 5, what is -2241 + 2211?
-30
In base 3, what is 10221002020120 - 11?
10221002020102
In base 15, what is 17 - -204d3?
204ea
In base 4, what is 2001 - -12120?
20121
In base 7, what is 26 - 240452?
-240423
In base 8, what is -1414 - 651?
-2265
In base 10, what is 15723 + 12?
15735
In base 11, what is 34 - 427?
-3a3
In base 11, what is -489 + -72?
-550
In base 11, what is -2938 - -31?
-2907
In base 14, what is 18 + 133?
14b
In base 15, what is -1906a - 2?
-1906c
In base 3, what is 212 - 121210?
-120221
In base 11, what is -31a1a + -3?
-31a22
In base 9, what is 74174 + -2?
74172
In base 2, what is -1100101100000 - -101011000?
-1100000001000
In base 12, what is 71a - -b4?
812
In base 5, what is 2 + -4301111?
-4301104
In base 5, what is -100104 - -43?
-100011
In base 11, what is -2534 - -56?
-2489
In base 4, what is -3 - 203331220?
-203331223
In base 12, what is 8255 - 24?
8231
In base 10, what is -41 - 282?
-323
In base 6, what is 1052 + 24?
1120
In base 4, what is -111121103 - -213?
-111120230
In base 12, what is -77b89 - -4?
-77b85
In base 13, what is -1bc469 + 0?
-1bc469
In base 9, what is -301 - -1387?
1086
In base 9, what is -358 - -771?
412
In base 14, what is 3 + -350c0?
-350bb
In base 10, what is -8083 - 1?
-8084
In base 13, what is -4 - -c66?
c62
In base 6, what is 1 + -5345113?
-5345112
In base 13, what is 109b5 - -c?
109c4
In base 4, what is 2011 - 310?
1101
In base 5, what is -4 + -343440234?
-343440243
In base 5, what is 3010 + 1402?
4412
In base 2, what is -111011000000011 + -111?
-111011000001010
In base 4, what is 122233 - 3332?
112301
In base 6, what is -5 - -13054?
13045
In base 8, what is 726447 + -4?
726443
In base 3, what is -212 - -121201022?
121200110
In base 11, what is -23 - 679a?
-6812
In base 16, what is -1b - 1c1c?
-1c37
In base 4, what is -113 - 3121?
-3300
In base 8, what is 106 - 51151?
-51043
In base 7, what is -2465 + 13164?
10366
In base 2, what is -100101001000011111 + -1001?
-100101001000101000
In base 14, what is 4 + -2818?
-2814
In base 6, what is -1515 + -40002?
-41521
In base 11, what is -1 + -17486?
-17487
In base 15, what is -5a1 + d?
-593
In base 3, what is -1 - -11111222012?
11111222011
In base 10, what is -5 - 2337?
-2342
In base 9, what is 1600705 + -3?
1600702
In base 7, what is -235145 - -5?
-235140
In base 8, what is -1166447 + 2?
-1166445
In base 16, what is -1515a4 - -2?
-1515a2
In base 5, what is -123 + -2402?
-3030
In base 16, what is -2 - -d08f?
d08d
In base 9, what is -4 - 36862?
-36866
In base 10, what is 338 + 2712?
3050
In base 9, what is 131 - -6826?
7057
In base 10, what is 7 - -42041?
42048
In base 3, what is -12 - -120001201121?
120001201102
In base 14, what is 7720b + 2?
7720d
In base 12, what is -29b + 499?
1ba
In base 4, what is -123211 + -33?
-123310
In base 3, what is 202022221 - -100?
202100021
In base 5, what is -11 + 2324411?
2324400
In base 10, what is 615 + 639?
1254
In base 10, what is -42094 - 5?
-42099
In base 2, what is 101010011 - -110110011?
1100000110
In base 16, what is 2e + -21709?
-216db
In base 6, what is 2022221 - 5?
2022212
In base 16, what is -856 - 13?
-869
In base 8, what is 122135 - 2?
122133
In base 12, what is -2b961 - 1?
-2b962
In base 6, what is 2 + 33433?
33435
In base 15, what is 17906 + -4?
17902
In base 3, what is 21112201212 + -12?
21112201200
In base 16, what is 2 + -9c3a2?
-9c3a0
In base 8, what is -764606 + 1?
-764605
In base 7, what is 4 - 255202?
-255165
In base 2, what is 1001110110 - -11101?
1010010011
In base 11, what is 1011 + 143?
1154
In base 2, what is -10110101 + 111110?
-1110111
In base 16, what is 10 + -1c785?
-1c775
In base 12, what is -1789167 + -5?
-1789170
In base 13, what is -b + -9420?
-942b
In base 4, what is 10230 - -3220?
20110
In base 13, what is 14a0 - 12?
148b
In base 11, what is 851a + -3?
8517
In base 5, what is -42233 - -144?
-42034
In base 12, what is -1 - 3977?
-3978
In base 5, what is -234 + -2121004?
-2121243
In base 7, what is -10555 + -15?
-10603
In base 6, what is -23110103 - 1?
-23110104
In base 4, what is 1 + -130202?
-130201
In base 11, what is -a2aa - 5?
-a304
In base 2, what is 111100111 + 101?
111101100
In base 16, what is 69ca + 24?
69ee
In base 14, what is 1c66d - -17?
1c686
In base 6, what is -3013 - -1?
-3012
In base 6, what is 203504 - -343?
204251
In base 8, what is 11 - -21375?
21406
In base 12, what is 7 - 5090?
-5085
In base 13, what is 338791 - 0?
338791
In base 6, what is 4 - -41334?
41342
In base 10, what is 124058 + 1?
124059
In base 12, what is 990b7 - 30?
99087
In base 6, what is 35521 + 331?
40252
In base 4, what is 1333023 + 131?
1333220
In base 13, what is -1 + 61c1?
61c0
In base 2, what is 11110001000001 + -100?
11110000111101
In base 3, what is -11 - 20102